. What is the highest common divisor of 10 and h?
5
Let q(s) = -6*s. Let u be q(-8). Calculate the greatest common factor of 16 and u.
16
Let f(l) = 3*l - 5. Let j be f(-5). Let d = j + 28. Calculate the greatest common divisor of 1 and d.
1
Suppose -f - 2 = c, 10 = 7*c - 4*c - f. Suppose c*d - 20 = -2*d. Suppose -y - 23 = -d*r, -3*y - 10 + 1 = 0. Calculate the highest common divisor of 8 and r.
4
Let n = -13 - -19. What is the highest common divisor of 2 and n?
2
Let b(k) = k**3 + 4*k**2 + 2*k + 3. Let d be b(-3). Let f(x) = 10*x - 15. Let a be f(d). Calculate the highest common factor of a and 5.
5
Suppose 135 = 3*a - 441. Suppose j + a = 5*j. Let n(k) = 4*k - 4. Let f be n(5). Calculate the highest common divisor of j and f.
16
Let r = 17 - 7. What is the highest common factor of 70 and r?
10
Let j be ((-10)/1)/(18/(-81)). Let f be (10/(-4))/((-2)/24). Calculate the greatest common divisor of j and f.
15
Let k be (16/20)/(2/5). Suppose -k*z + z + 19 = -5*j, j + 19 = 4*z. Let s be z - (2 + 1)/3. What is the greatest common divisor of 15 and s?
3
Let g(i) = 4*i**2 - 17*i + 7. Let z be g(6). Calculate the greatest common factor of z and 147.
49
Let o be 4 - (2 + -7) - (-1 - -2). What is the greatest common factor of o and 16?
8
Suppose 4*h - 108 = 108. Let l = h + -18. Calculate the highest common divisor of 9 and l.
9
Suppose -5*i + 60 = -3*i. Let z = i + -14. What is the greatest common divisor of z and 112?
16
Suppose 2*l + 66 = 3*s, 2*l = l + 3. Calculate the highest common divisor of 108 and s.
12
Suppose -2*g - 3*y = -10, -4*g + 2*y + 2*y = 0. What is the greatest common divisor of 2 and g?
2
Let t be -2*3/6 + 4. Suppose -17 = t*c - y - 119, -3*c + 111 = -4*y. What is the greatest common divisor of c and 3?
3
Let r be (5/3)/(3/9). Suppose 0*w + 70 = -5*i - r*w, 5*i = 4*w - 34. Let x = 22 + i. Calculate the greatest common divisor of 132 and x.
12
Suppose 7*p - 3*p = 0. Let l be 35*(p - (-24)/14). What is the highest common factor of l and 24?
12
Let k(m) = 6*m + 4*m - 2 + 2. Let i be k(2). What is the highest common factor of i and 5?
5
Let t be (-9)/(-21) - (-968)/28. Calculate the highest common factor of 5 and t.
5
Suppose 9*f - 32 = 7*f. Calculate the highest common factor of 80 and f.
16
Let p be ((-75)/9)/(3/(-27)). Suppose -a + 13 + 0 = -g, 5*a - p = -5*g. Calculate the highest common divisor of 14 and a.
14
Suppose 0 = -5*y + 9 + 96. Let b be (-2 + 1 + -1)/(-1). Let p = 5 + b. What is the greatest common divisor of y and p?
7
Let n = -84 + 93. What is the highest common factor of n and 3?
3
Let s = 244 - 148. What is the greatest common divisor of 12 and s?
12
Suppose 2 = -4*l + 18. Suppose v + 5 = 2*n + 2*v, -1 = -2*n + 3*v. What is the highest common divisor of n and l?
2
Suppose -8 = -0*m - 2*m. Let y be (m/10)/(8/600). Calculate the greatest common divisor of y and 20.
10
Suppose 2*r + 2*l = -0*l + 70, 0 = -3*l. What is the greatest common divisor of r and 385?
35
Let c = -5 + 8. Suppose o = c - 1. Let f = o + 7. What is the highest common factor of f and 1?
1
Let l = -20 + 22. Let c be 0 + -1 + 23/1. Calculate the greatest common factor of c and l.
2
Let r(u) = -u**3 - 8*u**2 - 9*u + 1. Suppose 42 = 2*a - 5*a. Let m be 4*4/(32/a). Let w be r(m). Calculate the highest common factor of w and 5.
5
Suppose -5*a + 86 = 3*u, -4*u + 113 = -a + 6. Calculate the greatest common factor of u and 9.
9
Let z(m) = -m**2 + 9*m + 5. Let j be z(8). Calculate the greatest common factor of j and 91.
13
Let b(j) = j**2 + 23*j + 1. Let a be b(-23). What is the greatest common divisor of 6 and a?
1
Let j = -219 - -269. Calculate the highest common divisor of j and 200.
50
Suppose 3*d = -6, -3*m + 2 = -m + 3*d. What is the highest common factor of 2 and m?
2
Let l be 3/(-3) - -1 - 0. Let i(q) = -q + 2*q + 1 + l. Let r be i(2). Calculate the greatest common factor of 24 and r.
3
Let n(y) = -y**3 + 15*y**2 - 26*y + 20. Let i be n(13). Let o be (1 - (0 - 47)) + 2. What is the greatest common factor of o and i?
10
Let o = 3 + 4. Calculate the highest common divisor of o and 7.
7
Let s = 33 - 48. Let h be (-40)/s*(-1 - -13). Let l = 70 + -22. Calculate the highest common factor of h and l.
16
Let v(o) = 1 - 1 - o. Let d be v(-3). Suppose d + 0 = 3*f. What is the greatest common divisor of f and 9?
1
Let p = -61 - -80. What is the greatest common divisor of p and 171?
19
Let y(u) = -2*u**3 - 5*u**2 + 4*u + 1. Let n be y(-4). Let f be 22/8 - 1/(-4). What is the greatest common divisor of n and f?
3
Let z(q) = -3*q. Let p be z(4). Let h be (-10)/4*p/15. Suppose -h*j - 14 + 58 = 0. What is the highest common factor of 22 and j?
22
Suppose -4*d = 3*z - 16, -5*z = -d - 4*d - 15. Calculate the highest common divisor of 7 and d.
1
Suppose 4*y + 2 = -2*w, 0 = 3*w - y + 3*y + 7. Let s = w - -8. Suppose -50 = -s*d - 5. What is the highest common divisor of d and 9?
9
Let y be 1 - (1 + -1)*-1. Let x be (4/(-6))/(y/(-18)). What is the highest common factor of x and 36?
12
Suppose 5*d + 4 = 2*v, -2*v + 15 + 29 = 5*d. What is the highest common divisor of v and 8?
4
Suppose 112 = -w + 8*w. What is the greatest common divisor of w and 80?
16
Let p = 20 + -8. Calculate the greatest common factor of 12 and p.
12
Suppose 2*s + 19 = 2*n - 101, 4*n - 2*s = 240. What is the greatest common divisor of n and 15?
15
Suppose a = -4*v + 96, -48 = -2*v + 4*a - 5*a. Let x be 3*(-4)/(-6) + 6. Calculate the highest common divisor of v and x.
8
Let k(a) = -a**2 - 14*a - 10. Let c be k(-13). Suppose -5*b + 170 = -5*p, 2*p + 2*p + 169 = 5*b. What is the highest common divisor of c and b?
3
Suppose -4*o + 5*c + 5 = 4*c, 2*o - 13 = -3*c. Let l(a) = 29*a - 36. Let y be l(2). Calculate the greatest common factor of o and y.
2
Let t be ((-18)/4)/(6/(-80)). Calculate the greatest common factor of t and 30.
30
Let z be -7 + 30/6 + 93*1. What is the highest common divisor of z and 13?
13
Let q = 277 - 165. Let d(z) = 3*z - 1. Let p be d(5). What is the highest common divisor of p and q?
14
Suppose 2*z = r - 16, 4*r + 3*z = 2*r - 3. Calculate the greatest common factor of r and 24.
6
Suppose 0 = -2*a - 2, -4*x - 4*a + 139 = -3*a. Calculate the greatest common factor of 70 and x.
35
Let p be 14/((-93)/24 - -4). Let g(t) = -t**2 + 10*t + 14. Let k be g(10). Calculate the highest common divisor of p and k.
14
Let p(r) = -r**2 - 14*r + 38. Let y be p(-16). What is the highest common factor of y and 48?
6
Let g be -15*-4*3/18. Calculate the highest common divisor of g and 80.
10
Suppose 2*s + 2*s = -5*a - 30, 2*s = 5*a + 30. Let k be (a/(-4))/(6/32). Let l be 0 + -1 + -3 + k. Calculate the highest common divisor of l and 44.
4
Let m be ((-4)/6)/((-10)/135). Let t = 2 + m. What is the greatest common divisor of t and 11?
11
Let m be (-2 - -4) + -1 + -2. Let c be 12/(-2) + (1 - m). Let v = 15 + c. What is the highest common divisor of v and 99?
11
Let c(o) = -o**2 + 10*o - 9. Let j be c(8). Calculate the greatest common factor of j and 21.
7
Suppose -4*v + 2*v - 46 = -2*p, 4*v = p - 14. Calculate the highest common divisor of p and 234.
26
Let i(u) = u**2 + 5. Let x be i(0). Suppose 4 = -w + 5. What is the highest common factor of x and w?
1
Let d = -16 + 32. Suppose -r - 3 = 2*j - 23, 2*j + d = r. What is the highest common divisor of r and 12?
6
Let w = 2 - -19. What is the highest common factor of w and 28?
7
Suppose 3*k - 4*j - 195 = -3*j, -j = 3*k - 201. What is the highest common factor of 6 and k?
6
Let h be -3 - (9*-3 - 2). Calculate the highest common factor of h and 78.
26
Let k(p) = -2*p - 9. Let a be k(7). Let g = 45 + a. What is the greatest common divisor of 44 and g?
22
Suppose -2*n + 1 + 1 = 0. Let t be n*-5*(-24)/10. Calculate the highest common divisor of t and 48.
12
Suppose 0*q = -4*q + 8. Suppose 0 = -3*r - q*r + 260. Calculate the highest common factor of 13 and r.
13
Let j = -1 + 1. Suppose 2*s - 361 + 121 = j. What is the greatest common factor of 12 and s?
12
Suppose 0 = -5*y - 5*f + 260, 0 = -5*y + 4*f + 310 - 50. Calculate the highest common divisor of 26 and y.
26
Let w = 3 - 17. Let h = 0 - w. Calculate the highest common divisor of h and 7.
7
Suppose 2*x = 4, z + 2*z - x = 22. What is the greatest common factor of z and 8?
8
Let v = -1188 + 363. Let s be 3 + v/(-3) +